5. Give s(10).
15
Let s(z) = 14*z - 23. Calculate s(4).
33
Let p(h) = h**2 - 42*h + 185. Give p(5).
0
Let a(c) = c**2 - 2*c - 2. Calculate a(-3).
13
Let p(b) = -b + 15. What is p(-5)?
20
Let c(q) = -12*q - 21. Give c(-5).
39
Let j(g) = -g**3 - 8*g**2 + 34*g + 11. What is j(-11)?
0
Let i(j) = -17*j**3 - 2*j**2 + 2*j - 1. What is i(1)?
-18
Let l(z) = -z**2 + 13*z + 8. Determine l(15).
-22
Let t(y) = y**2 - 11*y + 9. Calculate t(11).
9
Let g(o) = o**2 - 7*o + 16. Determine g(4).
4
Let l(b) = b - 14. Give l(13).
-1
Let h(z) = -3*z - 9. Give h(-8).
15
Let i(h) = -h**3 - 3*h**2 + 2. Give i(-1).
0
Let a(r) = 2*r**2 + 11*r - 13. Calculate a(-6).
-7
Let u(l) = -2*l**3 - 2*l + 1. What is u(1)?
-3
Let d(w) = 2*w**3 + 35*w**2 + 74*w - 7. What is d(-15)?
8
Let a(s) = -s**2 + s + 2. Give a(4).
-10
Let n(f) = -12*f**3 + f**2 + 16*f - 17. Determine n(1).
-12
Let c(g) = 11*g + 3. What is c(3)?
36
Let x(v) = -v**3 - 5*v**2 - 3*v + 1. What is x(-2)?
-5
Let r(h) = 4*h - 12. What is r(10)?
28
Let v(m) = -m**3 - 9*m**2 - m + 8. What is v(-9)?
17
Let x(p) = -p**3 - 22*p**2 - 39*p + 23. Calculate x(-20).
3
Let q(h) = 4*h**2 - 4*h - 3. What is q(-2)?
21
Let y(p) = p**3 + 3*p**2 + 4*p + 4. What is y(-4)?
-28
Let r(z) = z**2 + 49*z + 536. Calculate r(-17).
-8
Let z(g) = 6*g + 14. Determine z(7).
56
Let k(v) = -5*v - 199. Calculate k(-45).
26
Let b(i) = 2*i - 39. What is b(16)?
-7
Let q(h) = -h**3 - 25*h**2 + 4*h + 98. Calculate q(-25).
-2
Let x(o) = o**3 - 14*o**2 + o + 4. Determine x(14).
18
Let j(l) = -l + 14. Calculate j(4).
10
Let v(x) = x**2 + 9*x - 11. Give v(-11).
11
Let y(k) = k**2 + 7*k + 2. Determine y(-6).
-4
Let l(t) = -2*t + 13. Calculate l(1).
11
Let t(g) = 2*g**2 - 25*g + 16. Give t(10).
-34
Let m(p) = -21*p**3 - p**2 + 1. Determine m(-1).
21
Let o(k) = -k**3 + 12*k**2 - 9*k - 20. Give o(11).
2
Let q(o) = -21*o**2 - o + 1. Determine q(1).
-21
Let d(w) = -w**2 + 16*w - 23. What is d(16)?
-23
Let g(f) = 49*f + 237. Calculate g(-5).
-8
Let d(r) = -r**2 + 3*r + 10. Determine d(8).
-30
Let q(b) = -b**2 - 8*b + 17. Give q(-8).
17
Let j(l) = 3*l - 20. Determine j(12).
16
Let p(g) = -11*g**2 - 2*g - 3. What is p(-1)?
-12
Let f(g) = g**2 - 6*g - 7. Determine f(7).
0
Let n(y) = -10*y + 283. Give n(29).
-7
Let w(y) = y**3 + 7*y**2 - 9*y + 5. Determine w(-8).
13
Let n(s) = s**2 + 3*s - 8. Calculate n(-9).
46
Let u(t) = t**3 + 8*t**2 + 3*t + 15. Calculate u(-8).
-9
Let h(j) = j**2 - 14*j + 19. Give h(14).
19
Let p(d) = -d**2 + 17*d - 11. Give p(15).
19
Let p(l) = -l**3 + 8*l**2 - 13*l + 25. What is p(7)?
-17
Let j(t) = t**3 + 6*t**2 + t + 1. Give j(-6).
-5
Let s(q) = -q**2 + 7*q - 9. What is s(6)?
-3
Let x(j) = -j - 14. Give x(5).
-19
Let l(p) = 5*p**2 + 2*p + 2. What is l(-2)?
18
Let t(n) = n**2 + 11*n - 7. What is t(-11)?
-7
Let u(g) = -4*g - 4. What is u(4)?
-20
Let i(y) = -y**2 - 11*y + 12. Calculate i(-10).
22
Let g(d) = d**3 + 15*d**2 - 31*d + 47. Calculate g(-17).
-4
Let o(x) = -8*x**3 - 48*x**2 - 5*x - 24. Calculate o(-6).
6
Let n(i) = 20*i - 48. Calculate n(2).
-8
Let i(v) = -218*v**3 - v**2 + 3*v + 2. Determine i(-1).
216
Let v(f) = -12*f**2 + f + 1. What is v(1)?
-10
Let x(a) = a**3 + 9*a**2 - a - 19. Calculate x(-9).
-10
Let j(u) = -2*u**2 - 22*u - 14. Calculate j(-10).
6
Let z(u) = -2*u**2 - u - 42. Calculate z(0).
-42
Let d(l) = -l**3 - 24*l**2 + 28*l + 77. Determine d(-25).
2
Let k(j) = j**3 - 22*j**2 + j - 2. What is k(22)?
20
Let v(y) = 36*y + 269. What is v(-7)?
17
Let g(m) = 3*m**2 + 16*m + 13. Calculate g(-3).
-8
Let k(m) = -m**2 - m - 2. Give k(-6).
-32
Let n(u) = 2*u + 16. Give n(-7).
2
Let s(b) = -b**2 - 20*b - 11. Determine s(-25).
-136
Let v(a) = a**2 + 20*a - 51. Calculate v(-19).
-70
Let n(i) = i**3 + 47*i**2 + 48*i + 99. Give n(-46).
7
Let n(l) = l**2 + 35*l + 22. Give n(-34).
-12
Let r(q) = q**2 - 13*q - 123. What is r(20)?
17
Let b(u) = u**2 + 14*u + 14. Determine b(-12).
-10
Let f(r) = 13*r. Calculate f(-1).
-13
Let d(t) = t**2 + 22*t - 63. Give d(-24).
-15
Let p(o) = -o**2 - 14*o - 44. Calculate p(-7).
5
Let b(y) = -y**3 - 7*y**2 - 8*y - 2. Determine b(-8).
126
Let r(x) = 3*x**2 + 6*x - 3. Calculate r(-3).
6
Let o(z) = z**3 - 3*z**2 + 12*z - 31. What is o(3)?
5
Let a(d) = 3*d - 16. Calculate a(8).
8
Let l(p) = -18*p**2 + 3*p - 5. Calculate l(2).
-71
Let p(h) = h**2 + h - 26. Give p(4).
-6
Let q(p) = 2*p**2 + 2*p - 3. Calculate q(1).
1
Let a(h) = -3*h**3 - 8*h**2 - 2*h - 4. Calculate a(-2).
-8
Let o(b) = 14*b + 2. What is o(2)?
30
Let w(u) = -u**2 + 7*u + 13. Calculate w(-3).
-17
Let r(b) = -5*b + 7. Determine r(6).
-23
Let d(l) = -19*l - 5. Calculate d(3).
-62
Let r(a) = 7*a**2 - 6*a - 25. Calculate r(2).
-9
Let m(b) = -b**3 - 8*b**2 - 4*b - 8. What is m(-8)?
24
Let y(c) = -c**3 - 7*c**2 + 17*c - 9. What is y(-9)?
0
Let d(w) = 7*w - 12. Give d(0).
-12
Let b(m) = 3*m + 61. Give b(-17).
10
Let p(o) = -o**3 + 36*o**2 + 38*o - 11. Calculate p(37).
26
Let i(l) = 17*l - 304. Give i(18).
2
Let t(z) = -z**2 - 2*z + 9. Give t(-5).
-6
Let f(x) = -8*x**2 - x. Give f(-1).
-7
Let j(o) = 2*o - 6. Give j(5).
4
Let t(b) = b**3 + 10*b**2 - b - 14. Determine t(-10).
-4
Let x(h) = 2*h + 5. Determine x(-3).
-1
Let z(t) = t**3 - 4*t**2 - 5*t + 11. Give z(5).
11
Let p(i) = 5*i + 28. What is p(-4)?
8
Let o(i) = 2*i**2 + 29*i + 28. Determine o(-14).
14
Let v(i) = i**2 - 9*i + 21. Give v(4).
1
Let w(k) = 8*k - 4. What is w(2)?
12
Let w(y) = -2*y**3 + y**2 + 7*y - 3. What is w(3)?
-27
Let v(w) = -w**2 - 13*w - 2. What is v(-11)?
20
Let i(z) = 14*z**3 - z**2 - 2*z - 2. Calculate i(-1).
-15
Let s(p) = -p**2 - 13*p - 19. What is s(-10)?
11
Let a(z) = 11*z + 46. Calculate a(-4).
2
Let f(b) = b**3 - 6*b**2 - 14*b - 11. Give f(8).
5
Let a(b) = b**2 - 1. What is a(3)?
8
Let p(c) = c**3 - 7*c**2 + 6*c - 3. Give p(7).
39
Let f(y) = y**2 - 3*y - 10. Determine f(6).
8
Let b(m) = -5*m + 30. What is b(6)?
0
Let n(d) = -d**3 - 19*d**2 + 19*d - 12. Determine n(-20).
8
Let u(a) = -6*a**3 - 5*a**2 - 3*a. Calculate u(-1).
4
Let v(a) = 2*a - 2. Calculate v(-4).
-10
Let u(c) = -c**3 - 8*c**2 - 2*c - 11. What is u(-8)?
5
Let n(c) = 2*c**2 - 62*c + 58. Determine n(30).
-2
Let k(q) = q**2 - 36*q - 69. Calculate k(38).
7
Let b(c) = -c**3 - c**2 - c. What is b(0)?
0
Let o(d) = -d**3 - d**2 - d - 4. Determine o(0).
-4
Let t(q) = -q**2 - q - 10. Calculate t(5).
-40
Let f(l) = -l**3 + 39*l**2 + 127*l - 46. Calculate f(42).
-4
Let z(o) = 2*o**2 + 12*o - 12. Calculate z(-9).
42
Let h(u) = u - 13. What is h(12)?
-1
Let o(j) = j**3 + 9*j**2 + 20*j + 14. What is o(-6)?
2
Let l(c) = -c**3 - 24*c**2 - 22*c - 18. Determine l(-23).
-41
Let m(v) = -v**3 + 8*v**2 + 8*v + 15. What is m(9)?
6
Let c(x) = -x**3 - 4*x**2 - x - 16. Calculate c(-5).
14
Let w(g) = 2*g**2 + 3*g - 16. Calculate w(-6).
38
Let c(y) = y**3 + 4*y**2 - 2*y - 5. Calculate c(-4).
3
Let o(u) = -9*u - 1. What is o(2)?
-19
Let s(u) = -34*u - 240. Determine s(-7).
-2
Let z(c) = -c**2 - 45*c - 206. What is z(-40)?
-6
Let d(q) = q**3 + 3*q**2 + 3*q + 2. Give d(-2).
0
Let x(m) = 11*m - 50. What is x(6)?
16
Let l(x) = -x**2 - 16*x + 461. Calculate l(-31).
-4
Let g(r) = r**2 + 23*r + 31. Calculate g(-22).
9
Let l(h) = h**3 - 3*h**2 - 2*h + 2. What is l(3)?
-4
Let w(k) = -k**3 - 14*k**2 - 16*k + 3. Calculate w(-13).
42
Let i(w) = 128*w - 1529. Determine i(12).
7
Let u(p) = 10*p + 259. Determine u(-24).
19
Let v(a) = 5*a + 3. Calculate v(6).
33
Let d(z) = -z**3 - 4*z**2 + 5*z + 15. Calculate d(-4).
-5
Let s(j) = 2*j**2 - 20*j + 37. Give s(8).
5
Let b(t) = -8*t + 27. Calculate b(6).
-21
Let o(n) = 16*n - 3. Calculate o(0).
-3
Let z(o) = 3*o - 25. Determine z(10).
5
Let n(u) = -u**3 - u**2 + 7*u + 1. Give n(-4).
21
Let t(w) = w**3 + 4*w**2 - 4*w. What is t(-4)?
16
Let n(p) = -p**2 - 7*p - 9. Determine n(-4).
3
Let k(m) = -m**2 - 6*m + 12. Determine k(-7).
5
Let o(i) = i**3 + 5*i**2 + 2*i. Calculate o(-3).
12
Let o(a) = 4*a - 29. Give o(6).
-5
Let w(n) = -16*n + 91. Give w(6).
-5
Let i(f) = -f**3 + 6*f**2 - 2*f + 2. Determine i(3).
23
Let c(h) = -h**2 - 10*h + 1. What is c(-10)?
1
Let m(x) = -4*x - 4. Give m(-6).
20
Let f(t) = t**3 + 2*t**2 - t + 5. Calculate f(3).
47
Let s(d) = -d**3 + 7*d**2 - 4*d - 6. Determine s(6).
6
Let i(j) = -j**2 - 6*j - 1. Give i(-5).
4
Let y(n) = 3*n + 9. What is y(-9)?
-18
Let s(w) = w - 16. Calculate s(25).
9
Let